{"id":16855,"date":"2024-06-12T15:20:14","date_gmt":"2024-06-12T13:20:14","guid":{"rendered":"https:\/\/cofitech.com\/?page_id=16855"},"modified":"2025-06-09T11:56:13","modified_gmt":"2025-06-09T09:56:13","slug":"fourniture_d_equipements","status":"publish","type":"page","link":"http:\/\/cofitech.com\/index.php\/fourniture_d_equipements\/","title":{"rendered":""},"content":{"rendered":"<p>[vc_row][vc_column width=&#8221;1\/1&#8243;]<div class=\"flexslider wpb_content_element\"><ul class=\"slides\"><li><img src=\"http:\/\/cofitech.com\/wp-content\/uploads\/2025\/05\/ASSAINISSEMENT-1.png\" alt=\"\" \/><\/li><li><img src=\"http:\/\/cofitech.com\/wp-content\/uploads\/2025\/05\/Copie-de-ASSAINISSEMENT.png\" alt=\"\" \/><\/li><\/ul><\/div>[vc_column_text]<\/p>\r\n<h4><strong>\u00a0<\/strong><\/h4>\r\n<h5><img loading=\"lazy\" class=\"size-medium wp-image-17082 alignright\" src=\"http:\/\/cofitech.com\/wp-content\/uploads\/2025\/05\/cofitech_hydrocureur_smartJet_diesel1-300x300.png\" alt=\"\" width=\"300\" height=\"300\" srcset=\"http:\/\/cofitech.com\/wp-content\/uploads\/2025\/05\/cofitech_hydrocureur_smartJet_diesel1-300x300.png 300w, http:\/\/cofitech.com\/wp-content\/uploads\/2025\/05\/cofitech_hydrocureur_smartJet_diesel1-150x150.png 150w, http:\/\/cofitech.com\/wp-content\/uploads\/2025\/05\/cofitech_hydrocureur_smartJet_diesel1-80x80.png 80w, http:\/\/cofitech.com\/wp-content\/uploads\/2025\/05\/cofitech_hydrocureur_smartJet_diesel1.png 500w\" sizes=\"(max-width: 300px) 100vw, 300px\" \/><\/h5>\r\n<h4><strong>COFITECH <\/strong>est le repr\u00e9sentant officiel de ROM Bv de la HOLLANDE (<a href=\"https:\/\/rombv.com\/\" target=\"_blank\" rel=\"noreferrer noopener\">www.rombv.com<\/a>) .<\/h4>\r\n<h4>Sp\u00e9cialis\u00e9e dans le mat\u00e9riel de nettoyage des canalisations, des \u00e9gouts ainsi que des avaloires et regards.<\/h4>\r\n<h4>Nous assurons\u00a0 le SAV , la Formation des op\u00e9rateurs sur vos \u00e9quipements (Attestation de formation).<\/h4>\r\n<h4>Ces machines sont destin\u00e9es au :<\/h4>\r\n<h5>\u2022D\u00e9bouchage et curage des raccordements domestiques et du r\u00e9seau principal.<br \/>\u2022D\u00e9bouchage et curage des tuyaux de descente pluviale et des conduites (min. \u00d8100 mm, max. \u00d8800mm)<br \/>\u2022Nettoyage des fa\u00e7ades \/ surfaces.<br \/>\u2022Nettoyage des conduites de drainage.<br \/>\u2022Assainissement de r\u00e9sidus d&#8217;huile.<\/h5>\r\n<p>[\/vc_column_text][vc_column_text][\/vc_column_text][vc_column_text]<\/p>\r\n<p>&nbsp;<\/p>\r\n<h4><img loading=\"lazy\" class=\"size-medium wp-image-17108 alignleft\" src=\"http:\/\/cofitech.com\/wp-content\/uploads\/2025\/05\/Copie-de-Sans-titre-300x300.png\" alt=\"\" width=\"300\" height=\"300\" srcset=\"http:\/\/cofitech.com\/wp-content\/uploads\/2025\/05\/Copie-de-Sans-titre-300x300.png 300w, http:\/\/cofitech.com\/wp-content\/uploads\/2025\/05\/Copie-de-Sans-titre-150x150.png 150w, http:\/\/cofitech.com\/wp-content\/uploads\/2025\/05\/Copie-de-Sans-titre-80x80.png 80w, http:\/\/cofitech.com\/wp-content\/uploads\/2025\/05\/Copie-de-Sans-titre.png 500w\" sizes=\"(max-width: 300px) 100vw, 300px\" \/><strong>COFITECH<\/strong> commercialise une gamme de pompes \u00e0 lobes volum\u00e9triques auto-amor\u00e7antes, con\u00e7ues pour l\u2019aspiration des eaux charg\u00e9es jusqu\u2019\u00e0 8 m\u00e8tres de profondeur. Entra\u00een\u00e9es par cardan, ces pompes sont mont\u00e9es sur un ch\u00e2ssis renforc\u00e9 compatible avec tout type de tracteur, garantissant une excellente mobilit\u00e9 et une grande autonomie sur le terrain.<\/h4>\r\n<h4>Trois mod\u00e8les sont disponibles pour s\u2019adapter \u00e0 chaque besoin : 23 m\u00b3\/h, 64 m\u00b3\/h et jusqu\u2019\u00e0 110 m\u00b3\/h \u00e0 400 tr\/min. Robustes et faciles \u00e0 entretenir, elles sont id\u00e9ales pour des applications telles que la vidange de fosses septiques, le pompage d\u2019eaux us\u00e9es (\u00e9gouts), l\u2019\u00e9vacuation d\u2019eau en cas d\u2019inondation ou encore le transfert d\u2019eaux charg\u00e9es entre bassins (STEP).<\/h4>\r\n<h4>Cette solution \u00e9conomique et fiable est parfaitement adapt\u00e9e \u00e0 un usage intensif dans les environnements les plus exigeants.<\/h4>\r\n<p>[\/vc_column_text][\/vc_column][\/vc_row][vc_row][vc_column width=&#8221;1\/1&#8243;]<h1 class=\"headline font-special fontsize-xxl fontweight-600 lh-12 align-center transform-uppercase \" style=\"margin: 0 0 20px 0; color: #070700;\">Industrie<\/h1>[\/vc_column][vc_column]<div class=\"flexslider wpb_content_element\"><ul class=\"slides\"><li><img src=\"http:\/\/cofitech.com\/wp-content\/uploads\/2024\/04\/Industrie-.png\" alt=\"\" \/><\/li><\/ul><\/div><div class=\"spacer\" style=\"height: 40px;\"><\/div>[vc_column_text]<\/p>\r\n<h5><strong>COFITECH<\/strong> est aussi sp\u00e9cialis\u00e9e dans la commercialisation d\u2019\u00e9quipements de :<\/h5>\r\n<h6>\u00a0<\/h6>\r\n<h6><\/h6>\r\n<ul>\r\n<li>\r\n<h6>Manutention, extraction et r\u00e9paration des faicseaux (tubage, retubage, d\u00e9bouchage HP).<\/h6>\r\n<\/li>\r\n<li>\r\n<h6>Nettoyage des \u00e9changeurs de chaleurs et a\u00e9ror\u00e9frig\u00e9rant.<\/h6>\r\n<\/li>\r\n<li>\r\n<h6>Jet d&#8217;eau UHP et le sablage pour le nettoyage industriel et la pr\u00e9paration de surface.<\/h6>\r\n<\/li>\r\n<li>\r\n<h6>Nettoyage des pi\u00e9ces\/\u00e9quipments par UltraSon<\/h6>\r\n<\/li>\r\n<li>\r\n<h6>Aspiration et refoulement de tout type de produit<\/h6>\r\n<\/li>\r\n<\/ul>\r\n<p>[\/vc_column_text][\/vc_column][\/vc_row][vc_row][vc_column][vc_column_text]<\/p>\r\n<p>[\/vc_column_text]<div class=\"spacer\" style=\"height: 40px;\"><\/div>[\/vc_column][\/vc_row][vc_row][vc_column width=&#8221;1\/4&#8243;]<div class=\"video-button\"><a href=\"https:\/\/www.youtube.com\/watch?v=itBNrBIQVkI\" class=\"prettyPhoto\"><div class=\"play-image\"><img src=\"http:\/\/cofitech.com\/wp-content\/uploads\/2025\/06\/camion-aspirateur-cyclovac-koks.webp\" alt=\"\" \/><span class=\"play-round\" style=\"background-color: #789bbf\"><i><\/i><\/span><\/div><\/a><\/div>[\/vc_column][vc_column width=&#8221;1\/4&#8243;]<div class=\"video-button\"><a href=\"https:\/\/www.youtube.com\/watch?v=_HxvV3sb97U\" class=\"prettyPhoto\"><div class=\"play-image\"><img src=\"http:\/\/cofitech.com\/wp-content\/uploads\/2024\/04\/peinamann-equipement.png\" alt=\"\" \/><span class=\"play-round\" style=\"background-color: #789bbf\"><i><\/i><\/span><\/div><\/a><\/div>[\/vc_column][vc_column width=&#8221;1\/4&#8243;]<div class=\"video-button\"><a href=\"https:\/\/www.youtube.com\/watch?v=aPkjDIdaws8&#038;t=1s\" class=\"prettyPhoto\"><div class=\"play-image\"><img src=\"http:\/\/cofitech.com\/wp-content\/uploads\/2024\/04\/72254-16483884-e1713281187699.jpg\" alt=\"\" \/><span class=\"play-round\" style=\"background-color: #568ebf\"><i><\/i><\/span><\/div><\/a><\/div>[\/vc_column][vc_column width=&#8221;1\/4&#8243;]<div class=\"video-button\"><a href=\"https:\/\/www.youtube.com\/watch?v=V1SVnhiGOSI\" class=\"prettyPhoto\"><div class=\"play-image\"><img src=\"http:\/\/cofitech.com\/wp-content\/uploads\/2025\/06\/Design-sans-titre-11-1.png\" alt=\"\" \/><span class=\"play-round\" style=\"background-color: #548dbf\"><i><\/i><\/span><\/div><\/a><\/div>[\/vc_column][\/vc_row][vc_row type=&#8221;full_width_section&#8221;][vc_column width=&#8221;1\/6&#8243;]<a href=\"https:\/\/peinemannequipment.com\/\" target=\"_blank\" class=\"catimage wpb_content_element color-light\" style=\"height: 300px;;\">\n\t\t\t<span style=\"background-image: url(http:\/\/cofitech.com\/wp-content\/uploads\/2024\/04\/Peinamann-extraction-manutention-nettoyage-faisceaux-echangeurs.png); height: 300px;;\"><\/span>\n\t\t\t<div class=\"catimage-overlay clearfix\" style=\"height: 300px;;\">\n\t\t\t\t<div class=\"catimage-text\">Sp\u00e9cialis\u00e9 dans l&#8217;extraction des faisceaux, la manutention et le nettoyage.<\/div>\n\t\t\t<\/div><\/a>[\/vc_column][vc_column width=&#8221;1\/6&#8243;]<a href=\"https:\/\/dercsalotech.nl\/products\/\" target=\"_blank\" class=\"catimage wpb_content_element color-light\" style=\"height: 300px;;\">\n\t\t\t<span style=\"background-image: url(http:\/\/cofitech.com\/wp-content\/uploads\/2024\/04\/derc-salotech.png); height: 300px;;\"><\/span>\n\t\t\t<div class=\"catimage-overlay clearfix\" style=\"height: 300px;;\">\n\t\t\t\t<div class=\"catimage-text\">Sp\u00e9cialis\u00e9 dans les buses et le nettoyage des \u00e9quipements.<\/div>\n\t\t\t<\/div><\/a>[\/vc_column][vc_column width=&#8221;1\/6&#8243;]<a href=\"https:\/\/tecotubeexpanders.com\/\" target=\"_blank\" class=\"catimage wpb_content_element color-light\" style=\"height: 300px;;\">\n\t\t\t<span style=\"background-image: url(http:\/\/cofitech.com\/wp-content\/uploads\/2024\/04\/Teco.png); height: 300px;;\"><\/span>\n\t\t\t<div class=\"catimage-overlay clearfix\" style=\"height: 300px;;\">\n\t\t\t\t<div class=\"catimage-text\">Sp\u00e9cialis\u00e9 dans l&#8217;outillage de tubage\/retubage et maintenance des calendres.<\/div>\n\t\t\t<\/div><\/a>[\/vc_column][vc_column width=&#8221;1\/6&#8243;]<a href=\"https:\/\/ultratecno.eu\/\" target=\"_blank\" class=\"catimage wpb_content_element color-light\" style=\"height: 300px;;\">\n\t\t\t<span style=\"background-image: url(http:\/\/cofitech.com\/wp-content\/uploads\/2024\/04\/Ultratecno-Nettoyege-ultrason.png); height: 300px;;\"><\/span>\n\t\t\t<div class=\"catimage-overlay clearfix\" style=\"height: 300px;;\">\n\t\t\t\t<div class=\"catimage-text\">Sp\u00e9cialis\u00e9 dans le nettoyage des pi\u00e9ces et des \u00e9quipement par UlraSon<\/div>\n\t\t\t<\/div><\/a>[\/vc_column][vc_column width=&#8221;1\/6&#8243;]<a href=\"https:\/\/denjet.com\/\" target=\"_self\" class=\"catimage wpb_content_element color-light\" style=\"height: 300px;;\">\n\t\t\t<span style=\"background-image: url(http:\/\/cofitech.com\/wp-content\/uploads\/2024\/04\/Design-sans-titre-1.png); height: 300px;;\"><\/span>\n\t\t\t<div class=\"catimage-overlay clearfix\" style=\"height: 300px;;\">\n\t\t\t\t<div class=\"catimage-text\">Sp\u00e9cialis\u00e9 dans les pompes Ultra haute pressions jusqu&#8217;\u00e0 2500 bars<\/div>\n\t\t\t<\/div><\/a>[\/vc_column][vc_column width=&#8221;1\/6&#8243;]<a href=\"https:\/\/solidsvac.com\/\" target=\"_blank\" class=\"catimage wpb_content_element color-light\" style=\"height: 300px;;\">\n\t\t\t<span style=\"background-image: url(http:\/\/cofitech.com\/wp-content\/uploads\/2024\/04\/Solidsvac-pompe-nettoyage-aspiration-refoulement.png); height: 300px;;\"><\/span>\n\t\t\t<div class=\"catimage-overlay clearfix\" style=\"height: 300px;;\">\n\t\t\t\t<div class=\"catimage-text\">Sp\u00e9cialis\u00e9 dans l&#8217;aspiration et refoulement de tout type de produits.<\/div>\n\t\t\t<\/div><\/a>[\/vc_column][\/vc_row][vc_row][vc_column width=&#8221;1\/1&#8243;]<a href=\"https:\/\/cofitech.com\/index.php\/contact\/\" target=\"_blank\" class=\"button button-appear custom full \" style=\"background-color: #0b578e; border-color: #0b578e;border-radius: 2px;\"><span>Contactez nous <i class='fa sl-call-end'><\/i><\/span><\/a>[\/vc_column][\/vc_row]<\/p>","protected":false},"excerpt":{"rendered":"<p>[vc_row][vc_column width=&#8221;1\/1&#8243;][vc_column_text] \u00a0 COFITECH est le repr\u00e9sentant officiel de ROM Bv de la HOLLANDE (www.rombv.com) . Sp\u00e9cialis\u00e9e dans le mat\u00e9riel de nettoyage des canalisations, des \u00e9gouts ainsi que des avaloires et regards. Nous assurons\u00a0 le SAV , la Formation des op\u00e9rateurs sur vos \u00e9quipements (Attestation de formation). Ces machines sont destin\u00e9es au : \u2022D\u00e9bouchage et curage des raccordements domestiques et du r\u00e9seau principal.\u2022D\u00e9bouchage et curage des tuyaux de descente pluviale et des conduites (min. \u00d8100 mm, max. \u00d8800mm)\u2022Nettoyage des fa\u00e7ades \/ surfaces.\u2022Nettoyage des conduites de drainage.\u2022Assainissement de r\u00e9sidus d&#8217;huile. [\/vc_column_text][vc_column_text][\/vc_column_text][vc_column_text] &nbsp; COFITECH commercialise une gamme de pompes \u00e0 lobes volum\u00e9triques auto-amor\u00e7antes, con\u00e7ues pour l\u2019aspiration des eaux charg\u00e9es jusqu\u2019\u00e0 8 m\u00e8tres de profondeur. Entra\u00een\u00e9es par cardan, ces pompes sont mont\u00e9es sur un ch\u00e2ssis renforc\u00e9 compatible avec tout type de tracteur, garantissant une excellente mobilit\u00e9 et une grande autonomie sur le terrain. Trois mod\u00e8les sont disponibles pour s\u2019adapter \u00e0 chaque besoin : 23 m\u00b3\/h, 64 m\u00b3\/h et jusqu\u2019\u00e0 110 m\u00b3\/h \u00e0 400 tr\/min. Robustes et faciles \u00e0 entretenir, elles sont id\u00e9ales pour des applications telles que la vidange de fosses septiques, le pompage d\u2019eaux us\u00e9es (\u00e9gouts), l\u2019\u00e9vacuation d\u2019eau en cas d\u2019inondation ou encore le transfert d\u2019eaux charg\u00e9es entre bassins (STEP). Cette solution [&hellip;]<\/p>\n","protected":false},"author":3,"featured_media":0,"parent":0,"menu_order":0,"comment_status":"closed","ping_status":"closed","template":"","meta":{"om_disable_all_campaigns":false,"_mi_skip_tracking":false,"_monsterinsights_sitenote_active":false,"_monsterinsights_sitenote_note":"","_monsterinsights_sitenote_category":0},"_links":{"self":[{"href":"http:\/\/cofitech.com\/index.php\/wp-json\/wp\/v2\/pages\/16855"}],"collection":[{"href":"http:\/\/cofitech.com\/index.php\/wp-json\/wp\/v2\/pages"}],"about":[{"href":"http:\/\/cofitech.com\/index.php\/wp-json\/wp\/v2\/types\/page"}],"author":[{"embeddable":true,"href":"http:\/\/cofitech.com\/index.php\/wp-json\/wp\/v2\/users\/3"}],"replies":[{"embeddable":true,"href":"http:\/\/cofitech.com\/index.php\/wp-json\/wp\/v2\/comments?post=16855"}],"version-history":[{"count":101,"href":"http:\/\/cofitech.com\/index.php\/wp-json\/wp\/v2\/pages\/16855\/revisions"}],"predecessor-version":[{"id":17114,"href":"http:\/\/cofitech.com\/index.php\/wp-json\/wp\/v2\/pages\/16855\/revisions\/17114"}],"wp:attachment":[{"href":"http:\/\/cofitech.com\/index.php\/wp-json\/wp\/v2\/media?parent=16855"}],"curies":[{"name":"wp","href":"https:\/\/api.w.org\/{rel}","templated":true}]}}